?
4
What is the hundreds digit of 3392764?
7
What is the units digit of 8089803?
3
What is the hundred thousands digit of 15531540?
5
What is the hundred thousands digit of 313513?
3
What is the tens digit of 445469?
6
What is the hundred thousands digit of 5724424?
7
What is the hundred thousands digit of 5669936?
6
What is the hundreds digit of 7222605?
6
What is the hundred thousands digit of 10342931?
3
What is the tens digit of 611549?
4
What is the hundred thousands digit of 151930?
1
What is the hundred thousands digit of 343547?
3
What is the ten thousands digit of 8592913?
9
What is the hundred thousands digit of 14880209?
8
What is the tens digit of 10707747?
4
What is the tens digit of 6231016?
1
What is the millions digit of 16176743?
6
What is the hundreds digit of 459167?
1
What is the tens digit of 1261381?
8
What is the hundreds digit of 140423?
4
What is the ten thousands digit of 8222672?
2
What is the units digit of 9638137?
7
What is the millions digit of 5310613?
5
What is the ten thousands digit of 183436?
8
What is the ten thousands digit of 349904?
4
What is the millions digit of 3169487?
3
What is the units digit of 200781?
1
What is the ten thousands digit of 2938703?
3
What is the hundreds digit of 877590?
5
What is the millions digit of 7553132?
7
What is the thousands digit of 24416?
4
What is the tens digit of 143461?
6
What is the hundreds digit of 17754679?
6
What is the thousands digit of 3860608?
0
What is the ten thousands digit of 780423?
8
What is the ten thousands digit of 421194?
2
What is the millions digit of 1666395?
1
What is the ten thousands digit of 876909?
7
What is the thousands digit of 34923593?
3
What is the thousands digit of 385415?
5
What is the tens digit of 14076508?
0
What is the tens digit of 297601?
0
What is the ten thousands digit of 544934?
4
What is the hundreds digit of 1919607?
6
What is the hundreds digit of 214930?
9
What is the hundred thousands digit of 21332411?
3
What is the thousands digit of 633301?
3
What is the ten thousands digit of 23030288?
3
What is the units digit of 2639022?
2
What is the hundred thousands digit of 489423?
4
What is the units digit of 7119329?
9
What is the ten thousands digit of 675343?
7
What is the thousands digit of 433596?
3
What is the thousands digit of 167507?
7
What is the ten thousands digit of 2844767?
4
What is the hundred thousands digit of 640876?
6
What is the units digit of 8041325?
5
What is the hundreds digit of 286436?
4
What is the hundreds digit of 546419?
4
What is the hundreds digit of 473717?
7
What is the ten thousands digit of 1620973?
2
What is the millions digit of 3657943?
3
What is the ten thousands digit of 322737?
2
What is the tens digit of 486599?
9
What is the hundreds digit of 7684002?
0
What is the millions digit of 3024143?
3
What is the hundreds digit of 6230344?
3
What is the thousands digit of 6985096?
5
What is the thousands digit of 435940?
5
What is the hundreds digit of 14765312?
3
What is the tens digit of 7566561?
6
What is the tens digit of 336567?
6
What is the thousands digit of 1331653?
1
What is the ten thousands digit of 229350?
2
What is the units digit of 7365071?
1
What is the thousands digit of 62667?
2
What is the hundreds digit of 178556?
5
What is the units digit of 206251?
1
What is the ten thousands digit of 1163470?
6
What is the ten thousands digit of 1913609?
1
What is the ten thousands digit of 10372?
1
What is the hundreds digit of 4507638?
6
What is the tens digit of 343766?
6
What is the tens digit of 2463842?
4
What is the ten thousands digit of 2736998?
3
What is the hundreds digit of 110800?
8
What is the ten thousands digit of 3336615?
3
What is the millions digit of 3395920?
3
What is the tens digit of 139298?
9
What is the millions digit of 14734766?
4
What is the hundred thousands digit of 763611?
7
What is the millions digit of 1602795?
1
What is the ten millions digit of 10489933?
1
What is the thousands digit of 387445?
7
What is the units digit of 1894284?
4
What is the ten thousands digit of 3773308?
7
What is the units digit of 179473?
3
What is the tens digit of 2815757?
5
What is the tens digit of 878809?
0
What is the units digit of 25861?
1
What is the hundred thousands digit of 10132554?
1
What is the hundred thousands digit of 1294528?
2
What is the tens digit of 6802590?
9
What is the hundreds digit of 8708427?
4
What is the tens digit of 9843223?
2
What is the hundreds digit of 666926?
9
What is the millions digit of 17887384?
7
What is the millions digit of 19833738?
9
What is the millions digit of 12796755?
2
What is the hundreds digit of 2636274?
2
What is the units digit of 300668?
8
What is the units digit of 1704622?
2
What is the hundred thousands digit of 10069529?
0
What is the hundreds digit of 1182076?
0
What is the hundreds digit of 158323?
3
What is the hundreds digit of 184573?
5
What is the tens digit of 5013899?
9
What is the thousands digit of 223237?
3
What is the units digit of 220078?
8
What is the units digit of 3643662?
2
What is the hundreds digit of 238654?
6
What is the hundreds digit of 1582?
5
What is the thousands digit of 16438969?
8
What is the hundred thousands digit of 276412?
2
What is the hundred thousands digit of 444880?
4
What is the hundred thousands digit of 1572242?
5
What is the ten thousands digit of 12507807?
0
What is the hundreds digit of 3228551?
5
What is the hundreds digit of 13953996?
9
What is the ten thousands digit of 1295824?
9
What is the thousands digit of 764083?
4
What is the units digit of 448425?
5
What is the tens digit of 304689?
8
What is the tens digit of 194032?
3
What is the thousands digit of 9466244?
6
What is the units digit of 83565?
5
What is the ten thousands digit of 151165?
5
What is the units digit of 241879?
9
What is the tens digit of 198287?
8
What is the hundred thousands digit of 280919?
2
What is the hundreds digit of 921759?
7
What is the tens digit of 4421620?
2
What is the units digit of 11352847?
7
What is the units digit of 5614645?
5
What is the tens digit of 2861183?
8
What is the ten millions digit of 21911193?
2
What is the thousands digit of 2437938?
7
What is the units digit of 4607846?
6
What is the hundred thousands digit of 738389?
7
What is the hundred thousands digit of 109046?
1
What is the thousands digit of 1194450?
4
What is the units digit of 2541956?
6
What is the hundreds digit of 19137982?
9
What is the hundreds digit of 2457047?
0
What is the millions digit of 5523477?
5
What is the ten thousands digit of 2242218?
4
What is the tens digit of 6644079?
7
What is the tens digit of 47062?
6
What is the hundred thousands digit of 5610383?
6
What is the millions digit of 2936881?
2
What is the hundreds digit of 4352731?
7
What is the thousands digit of 20773383?
3
What is the thousands digit of 797160?
7
What is the hundreds digit of 579354?
3
What is the ten thousands digit of 21367165?
6
What is the ten thousands digit of 388937?
8
What is the hundreds digit of 776191?
1
What is the ten thousands digit of 1330700?
3
What is the tens digit of 428399?
9
What is the hundreds digit of 8673588?
5
What is the millions digit of 1239795?
1
What is the millions digit of 20273029?
0
What is the ten thousands digit of 1980337?
8
What is the tens digit of 15528045?
4
What is the ten thousands digit of 28670479?
7
What is the tens digit of 15479634?
3
What is the ten thousands digit of 500003?
0
What is the tens digit of 809196?
9
What is the thousands digit of 2462286?
2
What is the ten thousands digit of 32054563?
5
What is the ten thousands digit of 126997?
2
What is the hundreds digit of 182096?
0
What is the thousands digit of 693237?
3
What is the hundreds digit of 1362038?
0
What is the units digit of 359809?
9
What is the millions digit of 6060813?
6
What is the hundreds digit of 1709388?
3
What is the thousands digit of 4321116?
1
What is the hundred thousands digit of 443010?
4
What is the hundred thousands digit of 2176481?
1
What is the ten thousands digit of 15972470?
7
What is the hundred thousands digit of 8417165?
4
What is the hundreds digit of 1666826?
8
What is the hundreds digit of 3441020?
0
What is the units digit of 320282?
2
What is the thousan